 Let x(n) = 13. Let s(c) = 7. Let o(z) = -11*s(z) + 6*x(z). Let y(i) = -2*o(i) + q(i). What is y(3)?
17
Let o be 7/(28/(-20)) - -10. Let x(c) = c + c + 2 + c - 16*c + 6*c + 2*c**2. Calculate x(o).
17
Let t = -2491 + 2425. Let d(a) = -a**3 - 77*a**2 - 725*a + 70. Determine d(t).
4
Let i(r) = 2*r + 5. Let y be i(-4). Let b = 1 + y. Let v(l) = -3 + 606*l - 666*l + 31*l + 24*l. Calculate v(b).
7
Let h(y) = -y**3 - 24*y**2 - 12*y - 7. Let s be h(-24). Let t(r) = -2 - 138*r + s*r - 144*r. What is t(-1)?
-1
Let i(w) = w**3 + 6*w**2 - w - 8. Suppose -29*q = -28*q. Suppose 22*o - 2*o + 120 = q. Give i(o).
-2
Let d(b) = -b**3 - 7*b**2 - 5*b - 5. Let x(w) = -w**3 - 7*w**2 - 5*w - 5. Let j(r) = 4*d(r) - 3*x(r). Suppose 0 = 12*q - 334 + 406. Calculate j(q).
-11
Let t(k) = 0 - 1 + 2 + 4*k - 6. Suppose 80503*s - 80516*s + 104 = 0. Give t(s).
27
Let h(j) = j**3 - 5*j**2 + j + 7. Let u(z) = -z**2 - 13*z + 120. Let c be u(-19). Calculate h(c).
49
Let z(d) = -93*d**2 - 11*d - 66. Let i(l) = 128*l**2 + 15*l + 88. Let j(o) = -8*i(o) - 11*z(o). What is j(0)?
22
Suppose u - 1428 = -11*u. Let n = -125 + u. Let g(d) be the first derivative of -d**4/4 - 5*d**3/3 + 5*d**2/2 - 4*d - 1. Determine g(n).
2
Suppose 3*u - 20 = 7*u, 3*m - 26 = 4*u. Let t(r) be the first derivative of -8 - 3*r + 3 - 6 + r**m - 7*r. What is t(7)?
4
Let w(o) = -14*o + 12. Let u be w(0). Let m(s) = s + 26. What is m(u)?
38
Let s(g) = g**3 - 5*g**2 - 8*g + 20. Let b be s(6). Let v(u) = 2*u - 9 - u**3 + 21*u**2 - 25*u**2 + 12*u**2 - 3. Calculate v(b).
4
Let a(y) = y - 1. Let n(g) = 5*g**2 + g - 12. Let j(c) = -4*a(c) + n(c). Let b(q) = -22*q**2 + 11*q + 33. Let f(s) = 2*b(s) + 9*j(s). Determine f(5).
-6
Let v(l) = -2 - 2*l**2 + 4 + 0*l**2 - 10*l + 3*l**2. Let y(o) = o**3 + 6*o**2 - o - 5. Let m be y(-6). Let p be (m - -6) + -7 + 9. Calculate v(p).
-7
Let b(v) = -3*v + 5. Let n(m) = -m**2 + m - 2. Suppose -80*z + 12 = -76*z. Let h(r) = z*n(r) + b(r). Give h(1).
-4
Let q(n) = n**3 + 18*n**2 - 2*n + 49. Let g be q(-18). Let r(u) = -u + 86*u**2 + 2*u - 1 - g*u**2. Suppose -58 + 2 = 14*v. Calculate r(v).
11
Suppose -u + 47*w = 52*w - 64, 3*w + 3 = 0. Let k(i) = -14*i + 960. What is k(u)?
-6
Suppose -3*t = 2*t. Suppose 5*v + 5*h - 100 = t, -2*v + 4 = -4*h - 18. Let z(a) = -v - 15 + 7*a + 32. What is z(-1)?
-7
Let g(v) = -4*v - 2. Suppose -5*q = -10*q + 10. Suppose -5*f + 8 = -q. Let t be g(f). Let u(l) = -l - 14. Determine u(t).
-4
Let z(y) be the first derivative of y**3 - y**2 + y + 3180. What is z(4)?
41
Let z(h) be the third derivative of 11*h**5/30 + h**4/8 + 5*h**3/6 - 5*h**2. Let t(s) = -11*s**2 - 2*s - 3. Let u(i) = 5*t(i) + 3*z(i). Give u(-1).
12
Let r(t) be the first derivative of -t**5/20 + 5*t**4/12 + t**3/3 + t**2 - 72*t + 81. Let g(h) be the first derivative of r(h). What is g(4)?
26
Let s = 61 + -81. Let o(q) = -q**2 - 22*q - 30. Determine o(s).
10
Let s(n) = n**2 - 13*n + 13. Let j be s(12). Let d(h) = 33*h**3 + h**2 + 9073*h - 9075*h - 4 + 5. What is d(j)?
33
Let o(l) = 8*l - 3. Let i(s) = -15*s + 6. Let c(a) = -4*i(a) - 7*o(a). Let u = -106 + 128. Suppose 0 = 9*r + 32 + u. What is c(r)?
-27
Let j(v) = -7*v + 5. Let k(h) = h**2 + 7*h - 26. Let q be k(3). Determine j(q).
-23
Let m(l) = 4*l + 6 + 1 - l**2 + 0*l**2. Let y be ((-190)/(-40))/(2*1/8). Let o = 24 - y. Calculate m(o).
2
Let j(c) = -60*c - 7*c + c**3 - 31*c**2 + 125*c - 4. Let h be j(29). Let k(q) = q**3 + 4*q**2 - q + 4. Calculate k(h).
8
Let d(c) = c**3 - 4*c**2 - 5*c. Suppose 10*r - 4373 - 1827 = 0. Let b = r - 616. Give d(b).
-20
Let b(w) = w**2 - 13*w + 47. Let y be b(6). Let l(z) = -4*z + y*z + 5*z + 8*z. Determine l(-1).
-14
Let i(y) = y**2 - 9*y + 10. Suppose 0 = -13*l + 14*l - 7. Let a be (0 - 4) + 6 - 2. Suppose n - l + 0 = a. Calculate i(n).
-4
Let v(i) be the first derivative of i**4/4 - 5*i**3/3 + 5*i**2 - 2*i - 3043. Give v(2).
6
Suppose 5*v = -0*v + 10. Suppose 3*s = -v*s - 35. Let p(c) be the first derivative of -c**3/3 - 7*c**2/2 + 10*c + 596. Calculate p(s).
10
Let o = 16 - 2. Suppose -132 = -2*s - o. Let h = 56 - s. Let r(d) = d**2 + 4*d - 1. Calculate r(h).
-4
Let s(f) = 2*f + 1. Let h = 288 - 281. Let x(i) = -6*i - 4. Let d(c) = h*s(c) + 2*x(c). Let t = 2 + 0. Calculate d(t).
3
Let o = -28 + 33. Suppose -5*d - 3*y = -15, 3*d = o*y - 26 + 69. Suppose -4*a + 2 = -d. Let w(n) = -n**3 - n. Calculate w(a).
-10
Let j(m) = 2*m**2 - 4*m + 2. Suppose -2*x + 1 + 14 = 5*g, 5*g - 5*x - 15 = 0. Let i = -3 + 8. Suppose 0 = -0*k - i*k + g*u + 16, 2*k = -4*u - 4. Give j(k).
2
Let j(g) = 12*g - 102. Let d be j(8). Let f(u) = -9*u - 23. Determine f(d).
31
Let l(o) = 28 + 9301*o - 9302*o - 11. What is l(-9)?
26
Let g(v) = v**2 - 5*v + 1. Let p be (112/(-49) - 2/(-7)) + 37. Suppose -h + 20 = 5*o, 0 = o + o - 5*h - p. Calculate g(o).
1
Let f(z) = 5*z + 62. Let h be f(-14). Let d(r) = -2*r**3 - 17*r**2 - 8*r + 10. Let w be d(h). Let a(m) = -m**3 + 10*m**2 + 2. Give a(w).
2
Let g(r) = 11*r + 1. Suppose 5*y = -3*v - 2*v + 25, -20 = 4*y - 4*v. Suppose -n + 3*n + 4 = y. Calculate g(n).
-21
Let z be 128/12*6/4. Let g = 21 - z. Let i(q) = -q**3 + 5*q**2 + 3*q + 1. Let w(r) = -2*r**3 + 11*r**2 + 7*r + 3. Let t(a) = g*i(a) - 2*w(a). Determine t(2).
5
Let g(j) = -j**2 - 11*j - 7. Let b be g(-10). Let d(u) = -8 + u - 6*u - 7*u**2 + 6*u - 25*u**3 + 26*u**b. Determine d(7).
-1
Let f(w) = w**2 - 6*w - 43. Suppose -155*t + 170*t = 98 + 52. Determine f(t).
-3
Let c(o) = o - 11. Suppose -t = -3*t + 3*g + 22, -33 = -5*t + 2*g. Let f be c(t). Let r(z) = z**3 + 7*z**2 + 6*z + 4. Calculate r(f).
4
Suppose 21*s + 5*c = 16*s + 35, -4*c = 5*s - 33. Suppose 0 = 2*f - 3 - 1. Let z(h) = 21 - f - 11 - 9 + s*h**2 + 2*h. Determine z(-2).
15
Let g(i) = i**2 - 5 + 2 + 0*i**2. Let f(x) = -x**3 - 5*x**2 + 28*x + 95. Let w be f(-7). Calculate g(w).
6
Let j(t) = -2197*t - t**2 + 4396*t + 13 - 2203*t. Give j(3).
-8
Suppose 2*s = 10, -4*y = -2*y - 4*s - 82. Let c = -49 + y. Let d(h) = -h**2 + 2 + 5*h - 6*h + 0 - 1. Calculate d(c).
-5
Let c be (4/1 - 4)/(-2 - -4). Suppose 3*j - 4*r - 21 = 0, -3*j + 7*j + 4*r - 56 = c. Let z(w) = -j*w + 27*w - 11*w. Calculate z(-2).
-10
Let h(i) be the second derivative of i**4/12 + i**3/6 - i**2/2 - 216810*i. Let z = -2 - 1. Calculate h(z).
5
Let u = 41869/3 + -13956. Let x(c) be the third derivative of u*c**3 - 1/24*c**4 + 44*c**2 - 1/60*c**5 + 0*c + 0. Calculate x(2).
-4
Let d(i) = -11*i - 8. Let k(t) = 2*t**3 + 8*t**2 + 21*t + 22. Let v be k(-2). Give d(v).
36
Suppose -13*r + 8 = -9*r. Let c(h) = -2*h**2 + 2*h - 1. Let i be c(r). Let p(n) = -n**3 - 4*n**2 - n - 4. Calculate p(i).
26
Let t = -2135 + 2126. Let g(c) = 5*c + 11. What is g(t)?
-34
Let q(f) be the second derivative of 1/2*f**2 + 0 + 22*f. Let a(n) = n**2 + 6*n - 3. Let v(z) = a(z) - 4*q(z). Determine v(-8).
9
Let g(u) = 9 - 35*u**2 + 11*u**2 + 7*u**2 - 2*u + 16*u**2. Give g(0).
9
Let r(j) = 3*j**2 + 2*j - 8. Suppose 3*w + 2*w - u - 21 = 0, 2*u - 8 = 0. Let l(t) = t**2 + t - 1. Let d(m) = w*l(m) - r(m). Give d(-3).
12
Let z(q) = q**3 + 5*q**2 - 8*q - 7. Let l = 140 + -194. Let f be (1 - 5)/(l/(-81)). Determine z(f).
5
Let m = 11 + -9. Suppose 3*t - 2*b = 17, 3*t = -m*t + 5*b + 35. Let a be t/2*2 - 10. Let r(k) = -k**3 - 6*k**2 + 5*k - 5. Give r(a).
9
Let j(z) be the second derivative of -1/20*z**5 - 69*z + 0 + 6*z**2 + 1/6*z**3 - 2/3*z**4. What is j(-8)?
4
Let q = 0 - -2. Let s(l) = -l**2 + 2*l**2 - 5 - q*l + l + 1. Suppose 3 + 1 = z. Give s(z).
8
Let t(q) be the first derivative of -2*q**2 - 4*q - 72. Let x be t(-3). Let l(c) = c**3 - 7*c**2 - 8*c + 1. Give l(x).
1
Let c(h) = 17*h + 36. Let w be -3 - (12/18 + 12/(-18))/(-5). Give c(w).
-15
Let j(t) be the first derivative of t**4/4 - 5*t**3 + 47*t**2/2 + 22*t - 12109. What is j(5)?
7
Let o(q) = -9. Let k(y) = -12*y + 36. Let p(i) = 5*i - 16. Let g(d) = 2*k(d) + 5*p(d). Let x(z) = -4*g(z) + 3*o(z). Determine x(1).
1
Let m(t) = 10*t**2 + 53240*t**3 - t + 16 - 8*t**2 - 53241*t**3. What is m(3)?
4
Let i(c) = -c - 6. Let r be 6 + -2 - (1 + 5). Let u be 7/21*-3 + r. Determine i(u).
-3
Let g(s) = -5*s - 6. Let a be g(-2). Let k be -1 - -2*2*30/a. Let r(z) = 28 + 2*z - k + 0*z. Determine r(-6).
-13
Let t(f) = -3*f**2 - 5*f - 6. Let m(u) = -8*u - 3. Let z be m(-1). Let q(c) = c**2 + c + 1. Let g(i) = z*q(i) + t(i). Let p = -1